base 2.
11001010111001001000011
-14065551 (base 7) to base 16
-13ff4d
What is 14dcae (base 16) in base 14?
278382
-1062784 (base 9) to base 7
-4604200
Convert 1054021 (base 7) to base 8.
377741
-15a65c (base 13) to base 2
-10000011001001000111
What is -211202212 (base 3) in base 12?
-9735
What is 2501410 (base 8) in base 10?
688904
-1015154 (base 6) to base 7
-263104
-71026 (base 13) to base 10
-202156
1eb6f (base 16) to base 11
86580
Convert bb237 (base 15) to base 3.
1010012111121
What is 86862 (base 11) in base 7?
1033533
What is 11355355 (base 6) in base 7?
3016430
Convert -234220 (base 9) to base 8.
-423115
-a3100a (base 11) to base 10
-1655774
What is 52261420 (base 8) in base 6?
1033533132
-321803 (base 10) to base 16
-4e90b
127013 (base 11) to base 8
605760
Convert -2405553 (base 9) to base 12.
-52a1a0
4321443434 (base 5) to base 15
c12849
What is 1740437 (base 8) in base 4?
1330010133
-2404d (base 16) to base 7
-1153061
-45720 (base 14) to base 9
-276467
-20311 (base 16) to base 15
-29107
What is 2934a (base 12) in base 14?
16d62
Convert 291978 (base 10) to base 11.
18a405
What is 1327546 (base 9) in base 8?
2614334
-202212110 (base 5) to base 3
-1112122100121
8c10c (base 13) to base 2
111110010000111001
697008 (base 16) to base 6
404034320
709893 (base 10) to base 13
1bb172
What is -287004 (base 12) in base 4?
-2210331010
-3299 (base 13) to base 6
-52355
Convert -112321301 (base 4) to base 15.
-1cbde
112661 (base 12) to base 3
111220210201
What is -26775 (base 10) in base 13?
-c258
What is 821b3 (base 12) in base 7?
1304346
What is e1c7d4 (base 15) in base 16?
a3a335
What is -552461 (base 7) in base 5?
-11100330
Convert -11011101101111001010111 (base 2) to base 5.
-3330002004
Convert 456849 (base 12) to base 7.
12303600
197570 (base 16) to base 5
411342324
68a2396 (base 11) to base 6
1110351110
Convert -1011000011101000000010 (base 2) to base 11.
-16aa700
66356 (base 7) to base 3
211211202
303786 (base 10) to base 6
10302230
Convert 245588 (base 10) to base 9.
413785
What is -215064 (base 8) in base 12?
-35984
What is 5364423 (base 7) in base 16?
9fd41
-4186263 (base 9) to base 12
-901486
Convert -6162421 (base 8) to base 16.
-18e511
Convert -340813 (base 14) to base 16.
-1afd11
17230522 (base 8) to base 3
21112202010110
-20684 (base 11) to base 15
-8dba
What is 406066 (base 10) in base 13?
112a9b
Convert 5245111 (base 6) to base 8.
762243
What is -d6d91 (base 16) in base 13?
-24a728
What is -652141 (base 7) in base 15?
-239e1
What is -42524500 (base 8) in base 11?
-5147469
What is 1627753 (base 9) in base 15?
12d050
1355021 (base 6) to base 15
17ea7
Convert 102102201201021 (base 3) to base 10.
6076735
Convert -2535313 (base 6) to base 14.
-38057
Convert -745de8 (base 16) to base 5.
-3423014331
What is 320004121 (base 6) in base 2?
10101010111000110010001
b503a (base 12) to base 4
321303232
What is 314459 (base 10) in base 14?
82855
-3702625 (base 8) to base 11
-6352a1
What is -5140350 (base 11) in base 10?
-9077838
Convert -1100100011011110110 (base 2) to base 15.
-81d57
-7a424d (base 15) to base 16
-590c7a
1101111101111000001 (base 2) to base 14
bcb05
Convert -58877 (base 13) to base 8.
-474047
Convert -350053 (base 7) to base 10.
-62464
Convert -21020211221 (base 3) to base 14.
-3a062
Convert 6e04d6 (base 16) to base 14.
d598a2
What is -1010001100111000001000 (base 2) in base 4?
-22030320020
-711883 (base 9) to base 14
-ad7ac
Convert -100135440 (base 6) to base 11.
-a56692
Convert -13537763 (base 8) to base 5.
-1241020140
Convert 9e8b03 (base 16) to base 13.
21ca3bc
What is -463621 (base 8) in base 9?
-260144
-21042203 (base 5) to base 14
-47930
Convert -274087 (base 9) to base 13.
-5b039
What is 1026066 (base 8) in base 10?
273462
Convert 11100101010010100110000 (base 2) to base 6.
425012120
What is 86b5a (base 12) in base 11?
111737
What is -11001110101111100001101 (base 2) in base 3?
-110202011220221
Convert -256601 (base 11) to base 3.
-202112012201
2da0b (base 14) to base 2
11011111100101011
Convert 12638a (base 14) to base 16.
9a416
-b51526 (base 14) to base 7
-102643646
Convert -175733 (base 8) to base 15.
-14185
What is -322142 (base 7) in base 3?
-2211210122
d17b6 (base 16) to base 5
204424123
Convert 3050255 (base 6) to base 14.
3b5a3
10010110111000100000 (base 2) to base 5
124234031
What is 1000100110000111010000 (base 2) in base 7?
25103166
What is -248204 (base 10) in base 7?
-2052425
What is 204586 (base 12) in base 16?
7b636
What is 43755 (base 8) in base 4?
10133231
Convert -1110100011100001011101 (base 2) to base 7.
-44300646
Convert 6f32c (base 16) to base 5.
104033333
What is -43cf50 (base 16) in base 5?
-2114201414
-100110000001110001 (base 2) to base 6
-3201041
Convert 144b7 (base 13) to base 9.
57326
What is 444011 (base 7) in base 13?
297a4
Convert 137046 (base 11) to base 13.
7673a
Convert -23302222 (base 5) to base 3.
-101210220221
Convert 244131142 (base 5) to base 16.
11b8ce
What is 2004013022 (base 5) in base 7?
45512436
Convert -321110 (base 7) to base 2.
-1101100101000110
321121 (base 5) to base 14
3d06
-43451013 (base 6) to base 9
-2386770
Convert -331732 (base 8) to base 15.
-230d8
1001000110111011111 (base 2) to base 16
48ddf
What is -1414422004 (base 5) in base 10?
-3670254
What is -16960 (base 15) in base 2?
-10001110100011110
Convert 45239b (base 12) to base 6.
35350315
What is -31413503 (base 6) in base 4?
-3200202033
Convert 10010111111101010 (base 2) to base 7.
442554
212001022222 (base 3) to base 12
19a668
Convert -1808276 (base 10) to base 9.
-3355435
-150139 (base 11) to base 6
-5005135
-233007 (base 9) to base 7
-1122043
Convert -113215 (base 6) to base 14.
-3803
Convert 10310000 (base 4) to base 12.
b4a8
What is 250b38 (base 15) in base 14?
342911
Convert 100000101011110111010 (base 2) to base 5.
233233114
-1610a7 (base 15) to base 10
-1066657
What is 855113 (base 9) in base 6?
14524103
What is -4a3412 (base 11) in base 4?
-3002013200
What is -53c33 (base 13) in base 12?
-737a2
What is 402643 (base 7) in base 14?
1ac23
What is -4b0051 (base 15) in base 12?
-1254157
Convert -34577 (base 13) to base 11.
-65760
Convert -134912 (base 10) to base 9.
-225052
Convert -195413 (base 10) to base 4.
-233231111
What is 2456127 (base 8) in base 10?
678999
1010522 (base 6) to base 5
3020041
-1321104 (base 8) to base 9
-622424
-2111 (base 15) to base 12
-4067
What is 5627350 (base 10) in base 8?
25356726
Convert -205211 (base 10) to base 12.
-9a90b
-39de89 (base 15) to base 11
-162a375
-11033213 (base 8) to base 3
-11110120111111
Convert 102333234 (base 6) to base 2.
110110111101010110110
Convert -8627b8 (base 13) to base 9.
-5826423
Convert 14d0b (base 16) to base 9.
138852
What is -1414123223 (base 5) in base 6?
-210245211
What is 530155 (base 6) in base 3?
2011202122
Convert 10010211001100 (base 3) to base 5.
411410241
What is -3143c (base 14) in base 5?
-12300310
What is 328586 (base 13) in base 5?
301031112
Convert -77771 (base 11) to base 13.
-3c406
-21254650 (base 7) to base 3
-10102001200011
What is 2560774 (base 8) in base 15?
e14c7
604662 (base 8) to base 10
199090
What is -776182 (base 9) in base 6?
-13535115
251d0 (base 14) to base 10
90930
-3220133 (base 5) to base 10
-54418
-3362503 (base 8) to base 9
-1637163
100111010001100100 (base 2) to base 7
1240001
What is 1d7d0 (base 15) in base 11?
66369
What is -1301210120 (base 4) in base 7?
-3645125
Convert -3043110 (base 5) to base 16.
-c274
What is -cc87 (base 15) in base 5?
-2341302
124135 (base 7) to base 13
a657
What is 27599 (base 16) in base 14?
42a49
What is 1836741 (base 9) in base 16?
fb18e
What is -c88e85 (base 16) in base 9?
-26652664
What is 41316122 (base 7) in base 3?
20112010111202
Convert 2114404122 (base 5) to base 16.
43e8e9
bea69 (base 16) to base 15
1065a5
What is -b5bc (base 13) in base 11?
-179aa
-123a1b (base 13) to base 3
-211012001211
What is -5a6432 (base 12) in base 16?
-1650e6
22a257 (base 13) to base 10
822088
20778 (base 10) to base 4
11010222
123003010 (base 4) to base 2
11011000011000100
Convert 1000010010111001110 (base 2) to base 13.
96955
-1002200002 (base 3) to base 15
-661e
What is -87762 (base 12) in base 13?
-63674
What is -111001011001011101001111 (base 2) in base 7?
-241615200
What is -522326 (bas